se 5*k = 4*o - 38, -3*o - 5*k = 2*o - 25. Let f(s) = s**2 - 15*s + 6. Let r(a) = a**2 - 14*a + 6. Let n(y) = o*r(y) - 6*f(y). What is n(6)?
-6
Suppose 2*b + 0 = 4. Let m(y) be the third derivative of y**5/30 - y**4/24 + y**3/3 + 297*y**2. Calculate m(b).
8
Let g(r) = r + 17. Suppose -90 = 21*c + 57. Determine g(c).
10
Suppose 5*c = 22 + 38. Suppose c = -11*t + 8*t. Let g be t/(-26) - 465/65. Let n(l) = l**2 + 8*l + 2. Give n(g).
-5
Let c be (-2 + 3)/((-4)/(-12)). Suppose 0 = -c*o - 0*o + 15. Let x(u) = -3*u + 4*u - o - 4 + 2. Calculate x(6).
-1
Let n(z) be the third derivative of z**5/60 - z**3 + 54*z**2 - 1. Determine n(3).
3
Let q be (-30)/(-9) + (-3)/9. Let h(z) = -z**2 + 3*z - 7. Let r(j) = -1. Let l(n) = -h(n) + 6*r(n). Calculate l(q).
1
Let k(p) be the second derivative of p**4/12 + 11*p**3/6 - 7*p**2/2 + 291*p. What is k(-6)?
-37
Let w(f) = -f**2 - 7*f. Let b be -1 - ((-1)/(-1))/1. Let n(d) be the first derivative of -d**3/3 + d**2 + 3*d + 29. Let p be n(b). Determine w(p).
10
Let j be 33/6 + (-6 - (2 - 4)). Let z(c) be the second derivative of -1/3*c**3 + 1/12*c**4 + 2*c + 0 - j*c**2. Calculate z(-2).
5
Let q(s) be the second derivative of -s**5/120 - s**4/24 + 7*s**3/6 - s. Let o(r) be the second derivative of q(r). Determine o(-2).
1
Let b = 666 - 657. Let u(y) = -y**2 + 7*y + 13. Determine u(b).
-5
Let h(t) = t**2 + 15*t + 9. Let f be h(-9). Let j be (-3)/(f/51) - (-10)/(-25). Let p(c) = c + 1. Let q(n) = 3*n - 1. Let s(v) = 2*p(v) - q(v). Determine s(j).
0
Let t be 1/((0 + -2)/(-18)). Suppose -9 = -d + 5*c, -d + c + t = d. Let x(b) = 2*b - 659*b**3 + 5*b**2 + 5 - 6*b + 658*b**3. Determine x(d).
5
Let p be ((-28)/4 - -4*1)*-29. Let u = 80 - p. Let z(g) = -g - 12. Calculate z(u).
-5
Let g(c) = -3*c**3 + 4*c**2 + 3. Let d(s) = -7*s**3 + 9*s**2 + s + 7. Let i = -32 + 27. Let j(k) = i*g(k) + 2*d(k). Determine j(1).
0
Let q(m) = m**2 - m. Let p(k) = -5*k**2 + k + 1. Let z(s) = p(s) + 4*q(s). Let r = -202 - -190. Let b be (-4)/r*2/(8/(-36)). Give z(b).
1
Let o = -69 - -73. Let j(x) = -x**2 - 5*x - 4. Let c be j(-3). Let b(f) = -f**2 + 2 + o*f - 2*f**2 + 2*f**c. Determine b(6).
-10
Suppose 0 = -z, p = -5*z + 7 - 1. Suppose -2*f = -p*f. Let y(u) be the first derivative of u**2/2 + 5*u + 200. Determine y(f).
5
Let a(u) = 13*u - 7. Let i be a(2). Let x(q) = -4*q + 11 + i - 29. Give x(-2).
9
Let g(l) = -l**3 - 2*l**2 - 2. Let d be g(-2). Let n(m) = 2*m**2 + 7*m + 7*m + 4*m**3 - 14*m + m. Give n(d).
-26
Let v = -2213 - -2187. Let i(d) = d**3 + 26*d**2 - d - 26. Give i(v).
0
Let b be (-4 - (-18)/4)*6. Let u(y) = -13*y - 3*y - 2*y**3 + 7*y + 3 + y**b + 7*y**2. What is u(6)?
-15
Let y(o) = -o**3 + 3*o**2 + 6*o - 5. Suppose 50*a - 49*a = -2*q + 1, 0 = 2*q + 4. Give y(a).
-25
Let r(i) = -3*i**3 + i**2 - 8*i. Let b(g) = -7*g**3 + g**2 - 16*g. Let u(l) = -4*b(l) + 9*r(l). What is u(-6)?
12
Let r(w) = -4*w + w + 6*w**3 + 1 + 5*w - 27*w**3 + 3*w**2. Let c(a) = -a**3 + a**2. Let u(d) = -3*c(d) + r(d). Determine u(-1).
17
Let o(y) = 2*y + 0*y**3 + 4 - 18*y**3 - 2 - 1. Suppose -3*k - 9 = -3*a, -5*a + 10 = -2*k - a. Give o(k).
17
Let w(t) = -5*t - 4*t**3 - 13 - 3*t**2 - 2*t**2 + t**3 + 7 + 2*t**3. Determine w(-5).
19
Let a(d) = -d**2 + 1. Let m(p) be the second derivative of p**4/4 - 5*p**3/6 + 3*p**2/2 - 4*p. Let k(v) = a(v) + m(v). Suppose 0*b - 6 = -2*b. What is k(b)?
7
Let x(p) = 2*p**3 + p + 1. Let q(i) = -3*i**3 - 4*i - 2. Let c(b) = -q(b) - x(b). Determine c(-3).
-35
Let i = 1425 - 1432. Let b(r) = 4*r + 36. Give b(i).
8
Let r(p) be the second derivative of -5*p**4/2 + p**2/2 - 22*p. Give r(-1).
-29
Let c(z) = 6*z - 3. Let p(h) = 5*h**2 + 2*h + 4. Let r be p(-3). Suppose 38*u + 10 = r*u. Calculate c(u).
9
Let a(s) be the third derivative of -s**5/15 - s**4/8 + 147*s**2. Calculate a(-2).
-10
Suppose 3*z - 27 = 3*l, 0 = -9*z + 4*z + 2*l + 33. Suppose -u - u - 15 = 3*o, -2*u - z = o. Let q = u + 5. Let k(p) = -p**2 + 4*p + 2. What is k(q)?
-3
Let b(t) = -5*t - 5. Suppose 5*x - 2*u = -0*u - 30, 5*x + 3*u + 5 = 0. Let f(w) = -4*w - 4. Let n(m) = x*f(m) + 3*b(m). What is n(-3)?
-2
Let f(p) = 2*p + 34. Let d be -20 - (-11)/(22/6). Determine f(d).
0
Let d(t) = 3*t**3 - t. Let y be d(1). Suppose 17 - y = -5*p. Let x(c) = -2*c - 22 - 29 - c**2 + 50. Give x(p).
-4
Let z(y) be the second derivative of y**6/240 - y**5/60 - 7*y**4/12 + 3*y. Let u(v) be the third derivative of z(v). Let o = 4 - 1. Calculate u(o).
7
Let o be ((-4)/(-8)*-8)/1. Let p be ((-6)/6)/((-2)/o). Let l(n) be the third derivative of n**6/120 - n**4/24 - 2*n**2. Determine l(p).
-6
Let d(c) = 3*c**2 + c - 1. Let h = 123 + -121. Give d(h).
13
Let z = -52 - -55. Let f(s) = -6*s**z + 4 - 9*s - 2*s**3 + 0 + 9*s**2 + 7*s**3. What is f(8)?
-4
Let o(k) be the first derivative of -3*k**2 + 3*k + 266. Calculate o(-3).
21
Let d(w) = -2*w**3 - 21*w**2 + 12*w + 10. Let i(p) = 3*p**3 + 23*p**2 - 12*p - 9. Let b(h) = -4*d(h) - 3*i(h). Calculate b(14).
15
Let b(u) = -u**3 + u**2 - 1. Let h = -801 + 800. What is b(h)?
1
Let l(w) = 6*w - 1 - 9*w - 5*w - w**2 - 2. Let y be -1*(-3)/4*-28. Let z = 14 + y. What is l(z)?
4
Let i(r) = 14*r + 11. Let z(c) = 29*c + 24. Let q(g) = 13*i(g) - 6*z(g). Give q(3).
23
Let i(v) = -v**3 + 4*v**2 + 3*v - 8. Let h be 8 + 8/4*-2. Let p be i(h). Let b(q) = q**3 - 3*q**2 - 4*q. Determine b(p).
0
Let o(l) = -l**3 + 5*l**2 - 2*l + 1. Suppose -28 = 3*i + 2. Suppose -48 = 4*r + 4. Let x = i - r. Calculate o(x).
13
Let z(w) be the second derivative of w**4/12 - w**2/2 - w + 58. Determine z(2).
3
Let p(q) = -2*q - 1. Let u = -914 - -918. What is p(u)?
-9
Let y(d) = d**2 + 7*d**3 + d**2 - 6*d**3 - d**2 + 7*d - 6*d - 1. Calculate y(-2).
-7
Let i(s) = s - 6. Let y(d) = 23*d**3 + 11*d**2 - 17*d - 2. Let k(t) = 11*t**3 + 5*t**2 - 8*t - 1. Let c(o) = -13*k(o) + 6*y(o). Let r be c(-1). Determine i(r).
-1
Let h be 6/6 - (-8)/(-2). Let p(l) be the second derivative of -1/2*l**3 + 1/20*l**5 + 3*l + 0 + 1/4*l**4 - 3/2*l**2. Give p(h).
6
Let v(c) = 3*c - 2. Suppose -4*q = -3*q + 6*q. Suppose q = 3*z - 0 + 6. Determine v(z).
-8
Let r(w) = -5*w**3 + 10*w**2 + 9*w + 15. Let o(j) = j**3 - 2*j**2 - 2*j - 3. Let a(g) = 11*o(g) + 2*r(g). Determine a(-2).
-11
Let x be (-42*(-12)/(-36))/(0 - -2). Let i(o) = -o**3 - 8*o**2 - 8*o + 7. Give i(x).
14
Let g(d) = -2*d**2 + 2*d. Let b be 9 + -9 + 9 + -11. What is g(b)?
-12
Let c(s) = s**2 + 2. Let t be (25/(-3))/((-2)/6). Suppose t = 49*f - 54*f. Calculate c(f).
27
Let y(p) = -p**2 - p - 3. Suppose -3*k + 2 = -k. Let q be (2/(-2))/(k/3). What is y(q)?
-9
Let v(f) = 3*f**3 + f**2 - 3*f - 2. Let u(y) = 4*y**3 - 3*y - 2. Let p(m) = 4*u(m) - 5*v(m). Suppose 8*l = -6*l + 42. Calculate p(l).
-7
Suppose 4*k + 4*x = -28, -2*k = -6*k - 2*x - 26. Let m(u) = -u**2 - 4*u - 3. Calculate m(k).
-15
Let v = 1700 + -1696. Let q(n) be the first derivative of -n**2 + 1/4*n**v - n**3 - 9 + n. Determine q(-2).
-15
Suppose -6*y - 2 = -7*y. Let t be (-3 + 4)/(y/4). Suppose 0 = -4*h + b - t - 17, -5*b + 23 = -2*h. Let w(i) = -i**3 - 4*i**2 + 2*i + 4. Determine w(h).
-4
Let q(s) = s + 1. Let k(p) = 34*p + 30. Let r(x) = 7*x + 6. Let z(h) = 3*k(h) - 14*r(h). Let b(v) = -6*q(v) + 2*z(v). What is b(-4)?
-2
Let w(o) be the third derivative of o**6/120 - 7*o**5/60 - 3*o**4/8 + o**3/3 - 114*o**2. Give w(8).
-6
Let h(r) be the third derivative of -r**5/60 + 7*r**4/24 + r**3/3 - 2*r**2. Let d = -77 - -82. Calculate h(d).
12
Let s(t) = -4*t**3 + 16*t**2 + 2*t + 11. Let a(g) = 3*g**3 - 14*g**2 - 3*g - 10. Let r(y) = 5*a(y) + 4*s(y). What is r(-4)?
-10
Let w(b) = b + 31*b**2 - 4 + 9*b - 2 - 32*b**2. Calculate w(8).
10
Let z(y) = 18*y**2 - 2*y + 4. Let n(m) = -18*m**2 + 2*m - 5. Let i(p) = 3*n(p) + 4*z(p). Determine i(1).
17
Let o = -56 + 58. Suppose 7*h - o*h + 35 = 0. Let q(v) = v**3 + 7*v**2 + 2*v. Calculate q(h).
-14
Let m(y) = 4523*y**2 + 0*y - 4524*y**2 - 3*y + 2. Determine m(-5).
-8
Let i(x) = -5*x - 6. Let h(g) = 11*g + 13. Let y(w) = 4*h(w) + 9*i(w). Let u = 160 - 155. Calculate y(u).
-7
Suppose -4*z + 28 = -0*z. Let f(q) = 0 - 5*q - 4*q**2 - 2*q**3 - q**2 - z + 3*q**3. Calculate f(6).
-1
Let d(m) = 223*m + 0*m**2 + m**2 - 8 - 440*m + 222*m. Give d(-6).
-2
Let h be (-438)/365*(-1)/(-2)*10. Let j(x) = -5*x + 6. Determine j(h).
36
Let l(t) = 4 + 11 - 5 + 6*t + 11. Let h(y) = -4*y - 14. Let x